c + 12*c - w = 0. What is the units digit of c?
6
Let h be 10/(-4)*(129 - 29). Let s = 74 - h. What is the tens digit of s?
2
Let n = 335 + -939. Let v = -262 - n. What is the tens digit of v?
4
Suppose -21*p - 120*p + 2197293 = -8*p. What is the units digit of p?
1
Suppose 2733*b = 2755*b - 1836780. What is the hundreds digit of b?
4
Let v(g) = -5*g**2 + 5*g + 6. Let t be v(5). Let j = t + 341. What is the units digit of j?
7
Suppose 2*g + 3*c = 25, 0 = 2*g + 5*c - 3 - 20. Suppose g - 4 = 2*f. Suppose 0 = -f*r + 166 + 149. What is the units digit of r?
3
Let a = -486 - -699. Let f(p) = -29*p - 7. Let u be f(4). Let b = a + u. What is the units digit of b?
0
Suppose -3*q = -q + 398. Let k = -112 - q. Suppose k = 3*c - 0*c. What is the units digit of c?
9
Suppose 2 = -2*d + 2*f, 3*d - 2*f + 3*f = 13. Suppose -2*y = -2, -y + 295 = d*t - 1659. What is the tens digit of t?
5
Suppose -6*r + 2964 = -0*r. Let x = 841 - r. What is the units digit of x?
7
What is the ten thousands digit of 0 + -8 + 41242 + 25 + -16?
4
Suppose -713895 = 71*t - 106*t. What is the hundreds digit of t?
3
Let n = -13237 + 17141. What is the thousands digit of n?
3
Suppose -g + 4 = 0, f + 3*g - 22 = -f. Suppose -27*o = -f*o - 4356. What is the tens digit of o?
9
What is the thousands digit of (-10)/12 + (-97773598)/(-2028)?
8
Suppose g + l - 3583 = 0, 159*l = -2*g + 162*l + 7156. What is the thousands digit of g?
3
Suppose -7*w - 2153 = 1571. Let m = w + 605. What is the units digit of m?
3
Let q be 9/(-18)*(-3 + -9). Let m(d) = 2*d**3 + 5*d**2 - 8*d + 68. What is the tens digit of m(q)?
3
Let d be 6 - ((11 - 9) + 2). Suppose -d*t + 1083 = 3*c + 313, 0 = -2*t + 5*c + 738. What is the tens digit of t?
7
Let i be 60/10*20/(-6). Let x be 18/(-30) + (-132)/i. What is the tens digit of (-502)/(-4) + x/(6 + 6)?
2
Let w(g) = 2*g**3 - 67*g**2 + 27*g - 9. Let i be w(33). What is the tens digit of i/(-15)*66 - (-1)/5?
1
Suppose 5*j - 6505 = -0*x + 5*x, 4*j + x = 5229. Let y = j - 836. What is the hundreds digit of y?
4
Suppose 0 = -8*q + 1461 + 1467. Let d = q + -358. What is the units digit of d?
8
Suppose -91087 = -5*h - q, -12*q = 5*h - 7*q - 91075. What is the ten thousands digit of h?
1
Let y(k) = -7*k - 1 + 18*k + 60 + 5*k. Let b be y(18). Suppose b + 209 = 4*g. What is the tens digit of g?
3
Suppose -6*h + 65 = -55. Suppose 3*i - 5*q = -66 - 4, -q - 154 = 5*i. What is the units digit of (6/(-4))/(i/h)?
1
Let o(b) = 37*b**2 + 23*b - 27. Let l = -422 - -428. What is the hundreds digit of o(l)?
4
Let n be (-2)/6 - 924/(-18). Suppose -n*w + 49*w = 60. Let o = -27 - w. What is the units digit of o?
3
Suppose 9*p - 14*p = -100. What is the hundreds digit of (p/40)/((-1)/(-6)) - -173?
1
Let w(m) = -5*m + 63. Let d = 209 - 226. What is the tens digit of w(d)?
4
Let q = 735 - -935. Let z = 3004 - q. What is the hundreds digit of z?
3
Let h be 2 - (-1)/(2/(-8 + 4)). Suppose -5*x + 480 + 280 = h. Let z = 267 - x. What is the tens digit of z?
1
Let p = 2 + 8. Let w be 12/p*(-20)/(-6). Suppose 2*m + w*o - 120 = 0, 3*m - 214 = -3*o - 49. What is the tens digit of m?
5
Let w(x) = x**2 + 19*x + 19. Let f be w(-25). Let g = 55 + f. What is the units digit of g?
4
Let w(s) = -5*s**2 - 38*s + 30. Let r be w(-15). Let l = r + 1112. What is the tens digit of l?
8
Suppose -256 = 2*g + 174. Let l(f) = 312*f + 4882. Let n be l(-16). Let v = n - g. What is the units digit of v?
5
Let m(x) = 3*x + 42. Let n(y) = -y - 14. Let t(d) = -2*m(d) - 7*n(d). Let q be t(13). Let a = 44 - q. What is the tens digit of a?
1
What is the tens digit of (-1901 - 1)/((-975)/27625)?
9
Let x = -3978 - -4697. What is the tens digit of x?
1
Let s = 16 + -12. Suppose -4*n + n = -4*k - 236, -236 = s*k - 4*n. Let o = k + 113. What is the units digit of o?
4
Suppose 0 = 19*q - 18970 - 63528. What is the tens digit of q?
4
Let c(o) = 19*o**3 + 6*o**2 - 3*o - 11. Let k be c(3). Suppose 7*n - k + 36 = 0. What is the units digit of n?
3
Let p(k) be the third derivative of -k**5/60 + 5*k**4/12 - k**3/3 + 12*k**2. Let f be p(4). Suppose 2*h - 100 - f = 0. What is the units digit of h?
1
Suppose -56*m - 77*m + 2756326 = -97189. What is the ten thousands digit of m?
2
Let t(c) = 5*c + 18. Let p(f) = 5*f + 19. Let u(o) = -7*p(o) + 6*t(o). Let n be u(-5). What is the tens digit of (-4)/14 + n + 1320/14?
9
Let d be (-62)/(-16) - (-2)/(-16)*-1. Suppose -t = 3*n - 624, -3*n + 2541 = -0*t + d*t. What is the units digit of t?
9
Suppose 5*t - 83078 = 3*v, 23*t + 16610 = 24*t - 2*v. What is the units digit of t?
8
Let p(l) = 145*l + 147. Let g = 434 + -422. What is the units digit of p(g)?
7
Let a be -3*(12/24 + 58/(-12)). Suppose -7*k + 18 = -a*k. What is the units digit of (16/k + 4)*-1*12?
6
Suppose -5*b + c + 40 = 5*c, -c + 5 = 0. Suppose -g = -b*r + 397, -443 = -5*r - 3*g + 66. What is the hundreds digit of r?
1
Let q be 3*(-1)/(-9) - 1619/(-3). Suppose 0 = -31*n + 32*n - q. What is the units digit of n?
0
Suppose 0 = -k - 4*k + 2*w + 3455, 2*k - 4*w - 1398 = 0. Suppose -2*q + 431 = -k. What is the units digit of q?
0
Let n be (0 - -9158)/(-7 - -9). Suppose 0 = -11*c + n + 1691. What is the units digit of c?
0
Suppose -2*i + 2*a + 72940 - 15426 = 0, -i + 6*a = -28772. What is the tens digit of i?
5
Suppose 344153 = 19*m + 81528 - 684088. What is the units digit of m?
7
Let k(j) = -3259*j - 3490. What is the tens digit of k(-18)?
7
Suppose 4*l - 16*p + 33786 = -14*p, -5*l - 2*p - 42219 = 0. What is the hundreds digit of (4/10)/((-6)/l)?
5
Let o(k) = k**2 - 15*k - 14. Let r be o(16). What is the tens digit of (-3888)/((-8)/4)*1/r?
7
Let c(g) = 3*g**2 - 5*g + 15. Let m be c(0). Let d(x) = -x**3 + 16*x**2 - 8*x - 37. What is the tens digit of d(m)?
6
Suppose 0 = 4*n + 6*r - 30744, 38388 = 264*n - 259*n - 3*r. What is the thousands digit of n?
7
Suppose -3*m = -w + 5, -4*m + 0*m - 9 = -w. Suppose h + 8 = 5*h + 5*x, -3*h + 2*x = 17. What is the units digit of -1*w*5 + h?
2
Let p(k) = -k**3 + 2*k**2 + 19*k + 58. Suppose 2*d = 2*n + 30, 0 = -n - 5*d + 4 + 11. What is the tens digit of p(n)?
6
Suppose 12*f - 86 + 14 = 0. What is the hundreds digit of ((-317)/(-9) - f/27)*25?
8
Let w(n) = -n**2 - 20*n - 55. Let b be w(-17). What is the units digit of (324 + 3)/((-6)/b)?
8
Let z(d) = -989*d + 908. What is the tens digit of z(-54)?
1
Let y(s) = 203*s - 5054. What is the tens digit of y(104)?
5
Suppose -v + 62 = 4*d + 19, -v + 13 = d. Suppose 0 = 2*o - 3*q - 2*q - 26, -2*o = -q - d. What is the units digit of (((-196)/3)/(-2))/(1/o)?
8
Let v be 2/(4/36*6). Suppose r + 4*q = 535, v*q - 638 + 108 = -r. Suppose 0*y + r = 5*y. What is the units digit of y?
3
Let f(z) = -3*z**3 - 4*z**2 - 3*z - 19. Let t(u) = 2*u**3 + 4*u**2 + 4*u + 17. Let i(l) = -3*f(l) - 2*t(l). What is the tens digit of i(5)?
5
Let i(w) = 46*w**3 + 20*w**2 - 63*w - 2. What is the hundreds digit of i(6)?
2
Suppose 0 = 11*g - 672 + 3290. Suppose 4*r = 3*v - 26, v + 2*v = 6. What is the hundreds digit of (g/(-1))/(-1 + (-2 - r))?
1
Let x = 193 + -139. Let q = x - -77. What is the hundreds digit of q?
1
Let x be ((-105)/10)/(((-1)/(-1))/46). Let p = x - -1729. Suppose 0 = -2*i + 9*i - p. What is the hundreds digit of i?
1
Let s(p) = 816*p**2 - 154*p + 305. What is the hundreds digit of s(2)?
2
Let q = 21095 + -10617. What is the hundreds digit of q?
4
Suppose 30*p - 328 = -11*p. Suppose -6501 = -p*r + 2259. What is the tens digit of r?
9
Let l(m) = -456*m - 43. Let u(r) = 231*r + 22. Let v(n) = -3*l(n) - 5*u(n). What is the tens digit of v(7)?
1
Let y = -64485 - -101665. What is the tens digit of y?
8
Suppose -5*c + 8955 = 3*g - 8568, 4*g + 3*c - 23364 = 0. What is the units digit of g?
1
Suppose 3*d + 3 + 6 = 0. Let i be ((-4)/(-3))/(d/(-9)). What is the units digit of 5 + (i - 12/4)?
6
Suppose -x = 4*w - 32780, -5*x - 11*w = -7*w - 163980. What is the thousands digit of x?
2
Let g = 269 - 267. Suppose -10 = -5*w, -2*q = -g*w + w - 1108. What is the units digit of q?
5
Suppose -14 = -5*z - 5*m + 6, -m + 6 = 2*z. Suppose i - l - z*l - 667 = 0, 3*i - 3*l = 2001. What is the units digit of i?
7
Let c(w) = 13*w - 125. Let p be c(10). Suppose -24*n + g - 235 = -25*n, -3*n = -p*g - 681. What is the hundreds digit of n?
2
Let b(i) = 2*i + 1. Let o be b(0). Let w(d) = 22*d**3 + 2*d**2 - 3*d + 